visor of 1872 and 633464?
104
Calculate the greatest common factor of 14028 and 18849123.
501
What is the highest common factor of 82956 and 8474?
446
What is the greatest common divisor of 26 and 415012091?
13
What is the highest common divisor of 64600 and 101175?
475
Calculate the highest common divisor of 3774726 and 54.
18
What is the greatest common divisor of 1538117 and 280?
7
Calculate the highest common factor of 3822 and 10317489.
1911
What is the greatest common divisor of 116985 and 231134?
709
Calculate the greatest common factor of 9362543 and 3715.
743
Calculate the highest common divisor of 8960 and 1839360.
1280
What is the greatest common factor of 1326 and 48497098?
26
What is the highest common divisor of 488290 and 11186395?
1265
Calculate the greatest common factor of 1401954 and 3813.
123
Calculate the greatest common factor of 942 and 79988360.
314
Calculate the greatest common divisor of 800921 and 35717.
187
What is the greatest common divisor of 1634 and 18506?
38
Calculate the highest common factor of 48032 and 2188458.
3002
What is the highest common divisor of 18078 and 908354?
262
Calculate the highest common divisor of 2472720 and 96.
48
What is the greatest common divisor of 2 and 5499434?
2
Calculate the greatest common factor of 3149 and 42420715.
67
Calculate the greatest common divisor of 39609248 and 3136.
1568
What is the highest common factor of 7735741 and 832?
13
Calculate the highest common divisor of 240 and 25600608.
48
What is the highest common factor of 361067228 and 7508?
7508
Calculate the greatest common divisor of 328001 and 723.
241
What is the greatest common factor of 3755332 and 1889?
1889
Calculate the highest common factor of 8732 and 2773.
59
What is the greatest common factor of 112593 and 1677?
39
What is the greatest common divisor of 231989052 and 24?
12
What is the highest common factor of 1247972 and 3164?
452
Calculate the highest common divisor of 124188 and 34602.
474
What is the highest common divisor of 15749604 and 11180?
52
What is the highest common factor of 103881356 and 27336?
4556
Calculate the highest common divisor of 56 and 109678872.
8
Calculate the greatest common divisor of 553 and 15457140.
79
What is the highest common divisor of 2034377 and 1791?
199
What is the greatest common factor of 327480 and 31440?
120
What is the greatest common factor of 39104 and 4102592?
832
Calculate the greatest common divisor of 6194 and 446294.
326
Calculate the highest common divisor of 326356 and 108.
4
What is the greatest common factor of 1224 and 208473516?
612
What is the highest common divisor of 7065278 and 165?
11
Calculate the highest common divisor of 156104708 and 83446.
7586
Calculate the highest common factor of 528 and 1788391.
11
Calculate the greatest common divisor of 2597646 and 9831.
87
What is the greatest common factor of 26507 and 7307776?
2039
What is the greatest common divisor of 160241 and 19159?
23
What is the greatest common divisor of 8736 and 1871058?
42
Calculate the greatest common divisor of 3601328 and 31584.
752
Calculate the greatest common factor of 626 and 45408.
2
Calculate the greatest common factor of 5790 and 2302200.
30
Calculate the greatest common factor of 2325 and 5435013.
93
What is the highest common divisor of 714 and 2435828493?
357
Calculate the greatest common factor of 1948 and 5918998.
974
Calculate the greatest common factor of 1375113 and 357.
51
Calculate the highest common factor of 72113004 and 119232.
7452
What is the highest common factor of 225 and 2282730?
15
What is the greatest common divisor of 201036 and 1739232?
132
Calculate the greatest common factor of 2525 and 2514775.
25
What is the highest common factor of 14047709 and 65?
13
Calculate the highest common factor of 21 and 6918667.
7
What is the greatest common divisor of 26 and 387332478?
26
Calculate the highest common factor of 342 and 18459678.
114
What is the greatest common divisor of 153254 and 271358?
1406
What is the highest common factor of 2599852 and 2068?
188
Calculate the greatest common factor of 116697753 and 6156.
1539
What is the greatest common divisor of 247 and 15803687?
19
Calculate the greatest common divisor of 133989786 and 54.
18
What is the highest common factor of 980934 and 384354?
978
Calculate the greatest common factor of 67152679 and 118.
59
What is the greatest common divisor of 360253 and 71107?
337
Calculate the greatest common factor of 8501229 and 13979.
1997
What is the highest common divisor of 796165 and 65?
5
What is the greatest common divisor of 4 and 22341202?
2
What is the highest common divisor of 70252424 and 91960?
1672
What is the greatest common factor of 2014694 and 13750?
22
What is the highest common factor of 30952 and 143922931?
3869
Calculate the highest common factor of 301 and 844060.
7
What is the greatest common factor of 7504 and 103082?
14
What is the greatest common factor of 16757810 and 5785?
445
What is the highest common divisor of 26155602 and 54?
54
Calculate the highest common factor of 14928 and 4047976.
2488
What is the greatest common divisor of 6390682 and 1926?
214
What is the highest common factor of 33511 and 23685791?
1081
What is the highest common divisor of 930 and 75770355?
465
What is the highest common divisor of 136444 and 15164?
4
What is the greatest common divisor of 10395011 and 17919?
1991
Calculate the highest common factor of 51903002 and 706.
706
What is the greatest common factor of 4022656 and 48?
16
Calculate the greatest common divisor of 16760 and 78805.
5
Calculate the highest common divisor of 66882 and 1141396.
142
What is the greatest common factor of 3888948 and 6048?
84
What is the greatest common factor of 567 and 921501?
63
What is the greatest common factor of 8042175 and 16740?
1395
Calculate the highest common divisor of 20 and 41064370.
10
Calculate the greatest common divisor of 666 and 3476113.
37
What is the highest common factor of 72175689 and 639?
639
What is the greatest common divisor of 26274 and 7327426?
302
What is the highest common factor of 497 and 2153221?
7
What is the greatest common factor of 3978 and 79115868?
234
Calculate the highest common divisor of 190931 and 585161.
773
Calculate the highest common divisor of 43 and 373951736.
43
Calculate the highest common divisor of 8237619 and 243.
81
What is the highest common divisor of 114368233 and 3794?
1897
Calculate the greatest common factor of 369991599 and 87.
87
Calculate the greatest common factor of 39 and 733049824.
13
What is the greatest common factor of 5885 and 1239205?
55
Calculate the highest common divisor of 3906 and 18707787.
1953
Calculate the greatest common factor of 181215 and 81.
9
Calculate the greatest common divisor of 939 and 8826287.
313
Calculate the highest common factor of 63135 and 188738575.
7015
What is the greatest common factor of 63453444 and 12?
12
What is the greatest common factor of 2592557 and 187?
11
What is the highest common divisor of 6472 and 620?
4
Calculate the greatest common factor of 28024812 and 2952.
1476
Calculate the highest common factor of 7276 and 322592.
68
What is the highest common factor of 752083 and 3?
1
Calculate the highest common factor of 14183 and 31733.
13
What is the greatest common divisor of 868989 and 15521?
187
Calculate the highest common factor of 12838 and 3836.
14
What is the greatest common divisor of 3559 and 1064301155?
3559
Calculate the highest common divisor of 24 and 5081484.
12
Calculate the highest common divisor of 10653 and 359589.
201
Calculate the highest common divisor of 98735958 and 576.
18
What is the highest common factor of 213284489 and 2761?
2761
Calculate the greatest common factor of 103009 and 258169.
431
Calculate the greatest common divisor of 4630683 and 582.
291
Calculate the highest common divisor of 172283 and 1.
1
Calculate the highest common factor of 1420139868 and 56.
28
Calculate the highest common divisor of 530 and 87420.
10
What is the greatest common divisor of 6 and 12008502?
6
What is the greatest common factor of 591 and 53221323?
591
What is the greatest common divisor of 1236612 and 4992?
156
What is the highest common divisor of 6538123 and 4888?
47
C